, 397
What are the prime factors of 8494?
2, 31, 137
List the prime factors of 127794.
2, 3, 19, 59
What are the prime factors of 5219?
17, 307
What are the prime factors of 8663?
8663
What are the prime factors of 3407?
3407
List the prime factors of 5405.
5, 23, 47
What are the prime factors of 10028?
2, 23, 109
List the prime factors of 23477.
17, 1381
List the prime factors of 32679.
3, 3631
List the prime factors of 3993.
3, 11
List the prime factors of 156486.
2, 3, 11, 2371
List the prime factors of 20749.
20749
List the prime factors of 1030.
2, 5, 103
List the prime factors of 949.
13, 73
What are the prime factors of 8855?
5, 7, 11, 23
What are the prime factors of 4726?
2, 17, 139
What are the prime factors of 441?
3, 7
What are the prime factors of 25610?
2, 5, 13, 197
What are the prime factors of 12033?
3, 7, 191
What are the prime factors of 4768?
2, 149
List the prime factors of 17417.
17417
What are the prime factors of 10163?
10163
What are the prime factors of 1862?
2, 7, 19
List the prime factors of 3813.
3, 31, 41
What are the prime factors of 7240?
2, 5, 181
What are the prime factors of 162782?
2, 199, 409
List the prime factors of 1262.
2, 631
What are the prime factors of 1606?
2, 11, 73
List the prime factors of 42482.
2, 11, 1931
List the prime factors of 1620.
2, 3, 5
What are the prime factors of 2222?
2, 11, 101
What are the prime factors of 1660?
2, 5, 83
What are the prime factors of 22177?
67, 331
What are the prime factors of 132129?
3, 53, 277
What are the prime factors of 16678?
2, 31, 269
List the prime factors of 107686.
2, 23, 2341
List the prime factors of 4755.
3, 5, 317
What are the prime factors of 8158?
2, 4079
List the prime factors of 817.
19, 43
What are the prime factors of 26638?
2, 19, 701
List the prime factors of 1752.
2, 3, 73
What are the prime factors of 39?
3, 13
List the prime factors of 27092.
2, 13, 521
List the prime factors of 46840.
2, 5, 1171
What are the prime factors of 983?
983
What are the prime factors of 15056?
2, 941
List the prime factors of 1212.
2, 3, 101
List the prime factors of 11250.
2, 3, 5
What are the prime factors of 3968?
2, 31
What are the prime factors of 39754?
2, 11, 13, 139
What are the prime factors of 59758?
2, 29879
What are the prime factors of 20523?
3, 6841
What are the prime factors of 10286?
2, 37, 139
What are the prime factors of 712?
2, 89
What are the prime factors of 7031?
79, 89
List the prime factors of 3222.
2, 3, 179
List the prime factors of 8700.
2, 3, 5, 29
List the prime factors of 4632.
2, 3, 193
List the prime factors of 9.
3
List the prime factors of 5591.
5591
What are the prime factors of 41236?
2, 13, 61
What are the prime factors of 154062?
2, 3, 317
What are the prime factors of 1348?
2, 337
List the prime factors of 21243.
3, 73, 97
What are the prime factors of 26568?
2, 3, 41
List the prime factors of 14565.
3, 5, 971
What are the prime factors of 42025?
5, 41
What are the prime factors of 209?
11, 19
What are the prime factors of 8959?
17, 31
What are the prime factors of 1761?
3, 587
List the prime factors of 8101.
8101
What are the prime factors of 64860?
2, 3, 5, 23, 47
List the prime factors of 5483.
5483
List the prime factors of 5045.
5, 1009
List the prime factors of 25416.
2, 3, 353
List the prime factors of 9462.
2, 3, 19, 83
What are the prime factors of 47865?
3, 5, 3191
What are the prime factors of 526?
2, 263
What are the prime factors of 3367?
7, 13, 37
What are the prime factors of 5871?
3, 19, 103
What are the prime factors of 17021?
17021
List the prime factors of 757.
757
What are the prime factors of 1388?
2, 347
What are the prime factors of 6947?
6947
List the prime factors of 1068.
2, 3, 89
What are the prime factors of 1708?
2, 7, 61
List the prime factors of 3716.
2, 929
What are the prime factors of 161634?
2, 3, 11, 31, 79
List the prime factors of 31.
31
What are the prime factors of 24285?
3, 5, 1619
List the prime factors of 8256.
2, 3, 43
List the prime factors of 4493.
4493
What are the prime factors of 184?
2, 23
What are the prime factors of 923?
13, 71
List the prime factors of 9929.
9929
What are the prime factors of 7574?
2, 7, 541
List the prime factors of 16656.
2, 3, 347
What are the prime factors of 4871?
4871
List the prime factors of 107450.
2, 5, 7, 307
List the prime factors of 3246.
2, 3, 541
List the prime factors of 90627.
3, 17, 1777
List the prime factors of 58721.
13, 4517
What are the prime factors of 15371?
19, 809
List the prime factors of 3118.
2, 1559
List the prime factors of 357.
3, 7, 17
List the prime factors of 55.
5, 11
List the prime factors of 43345.
5, 8669
List the prime factors of 29131.
29131
List the prime factors of 227.
227
What are the prime factors of 5757?
3, 19, 101
List the prime factors of 1399.
1399
List the prime factors of 80389.
19, 4231
List the prime factors of 2807.
7, 401
What are the prime factors of 121286?
2, 11, 37, 149
List the prime factors of 22479.
3, 59, 127
List the prime factors of 2693.
2693
List the prime factors of 66893.
151, 443
List the prime factors of 16442.
2, 8221
What are the prime factors of 899?
29, 31
What are the prime factors of 11822?
2, 23, 257
What are the prime factors of 14078?
2, 7039
List the prime factors of 567.
3, 7
What are the prime factors of 22060?
2, 5, 1103
What are the prime factors of 22958?
2, 13, 883
What are the prime factors of 57492?
2, 3, 1597
What are the prime factors of 2995?
5, 599
What are the prime factors of 663?
3, 13, 17
What are the prime factors of 113655?
3, 5, 7577
What are the prime factors of 76542?
2, 3, 12757
List the prime factors of 46953.
3, 37, 47
List the prime factors of 9939.
3, 3313
What are the prime factors of 729?
3
What are the prime factors of 8686?
2, 43, 101
List the prime factors of 52999.
52999
What are the prime factors of 23338?
2, 7, 1667
List the prime factors of 7517.
7517
List the prime factors of 818.
2, 409
List the prime factors of 7390.
2, 5, 739
List the prime factors of 4581.
3, 509
What are the prime factors of 99473?
11, 9043
List the prime factors of 4706.
2, 13, 181
List the prime factors of 2368.
2, 37
What are the prime factors of 16535?
5, 3307
List the prime factors of 41865.
3, 5, 2791
List the prime factors of 6912.
2, 3
List the prime factors of 992.
2, 31
List the prime factors of 10392.
2, 3, 433
What are the prime factors of 60794?
2, 113, 269
What are the prime factors of 1220?
2, 5, 61
What are the prime factors of 2150?
2, 5, 43
List the prime factors of 433.
433
What are the prime factors of 58723?
7, 8389
List the prime factors of 52841.
53, 997
List the prime factors of 94160.
2, 5, 11, 107
List the prime factors of 25442.
2, 12721
What are the prime factors of 28846?
2, 14423
List the prime factors of 791.
7, 113
List the prime factors of 183.
3, 61
What are the prime factors of 14919?
3, 4973
What are the prime factors of 319?
11, 29
List the prime factors of 415.
5, 83
What are the prime factors of 12382?
2, 41, 151
What are the prime factors of 109?
109
List the prime factors of 1042.
2, 521
List the prime factors of 4501.
7, 643
List the prime factors of 10464.
2, 3, 109
What are the prime factors of 5917?
61, 97
List the prime factors of 26897.
13, 2069
What are the prime factors of 7414?
2, 11, 337
What are the prime factors of 144?
2, 3
What are the prime factors of 3561?
3, 1187
List the prime factors of 726.
2, 3, 11
List the prime factors of 28962.
2, 3, 1609
What are the prime factors of 57387?
3, 11, 37, 47
What are the prime factors of 2662?
2, 11
What are the prime factors of 956?
2, 239
What are the prime factors of 2730?
2, 3, 5, 7, 13
List the prime factors of 7975.
5, 11, 29
What are the prime factors of 2137?
2137
What are the prime factors of 14541?
3, 37, 131
What are the prime factors of 512?
2
What are the prime factors of 2909?
2909
List the prime factors of 4074.
2, 3, 7, 97
List the prime factors of 14839.
11, 19, 71
What are the prime factors of 3738?
2, 3, 7, 89
What are the prime factors of 8428?
2, 7, 43
What are the prime factors of 38073?
3, 7, 37
List the prime factors of 242.
2, 11
What are the prime factors of 7899?
3, 2633
List the prime factors of 2044.
2, 7, 73
List the prime factors 